factors of f?
7
Let d = 362 - -367. What are the prime factors of d?
3
Let g be 5*(0 + -1) - -1. Let k be 4*((-14)/g - 1). What are the prime factors of 12*(k/(-6) - -3)?
2
List the prime factors of -7485*((-21)/(-14))/(63/(-28)).
2, 5, 499
Let s(u) = 2*u**2 - 10*u + 2. Let f be 732/84 + 4/14. List the prime factors of s(f).
2, 37
Suppose 0 = 5*w - 26 - 9. Suppose -w = g - 11. Let m(u) = 4*u. What are the prime factors of m(g)?
2
Let h be 3*2/12*-2. Let y(t) = -12*t + 1. Let s be y(-1). List the prime factors of (s + h)*(-7)/(-21).
2
Let h = 70 - 15. Let f be 30/2 - (-4 + 1). Let a = h - f. List the prime factors of a.
37
Let m(f) = 153*f**3 - 2*f**2 - f + 2. Let k be m(1). Suppose -3*x = -2*h - k, -4*x + x + 124 = 5*h. What are the prime factors of x?
2, 3
Suppose -5*s + 25 = 0, -4*s - 8288 + 198 = -5*j. What are the prime factors of j?
2, 811
Let g(q) = -q**2 + 2*q + 8. Let t be g(7). Let w = 61 + t. List the prime factors of w.
2, 17
Let n = 1749 - -782. List the prime factors of n.
2531
List the prime factors of 4 - -6 - (-978 + 5).
983
What are the prime factors of (-143444)/(-40) + ((-34)/(-20))/(-17)?
2, 11, 163
List the prime factors of (-11748)/(-36) + (-3)/9.
2, 163
Suppose -4*x + 8624 = -3*u, 8*x + 6465 = 11*x - 3*u. List the prime factors of x.
17, 127
Suppose -3*k = -41 - 484. Suppose 2*x - k = -5*x. What are the prime factors of x?
5
Suppose 2*k = 2*w, 3 = 5*w - 2*k - 2*k. What are the prime factors of (-46)/(-23) - (-23*w - 2)?
73
Let v(i) be the first derivative of i**3/3 - i**2 - 5*i - 2. List the prime factors of v(-6).
43
Suppose 5*k - 3 + 8 = 0. Let s be (1/k)/(6/(-12)). Let q = 2 + s. What are the prime factors of q?
2
Let p(a) = -13*a**3 + a**2 + 10*a - 1. What are the prime factors of p(-4)?
3, 269
Suppose 2 = f - 1. Suppose f*n + 2*j = -4 + 5, 3*n + 5*j + 11 = 0. Suppose -n*l + 4*l = 6. What are the prime factors of l?
2, 3
Let k(z) = -30*z - 4. Let o(d) = -15*d - 2. Let j be (28/(-8))/((-1)/2). Let n(l) = j*o(l) - 3*k(l). What are the prime factors of n(-2)?
2, 7
Let x(z) = -z**2 - 10*z - 8. Let i be x(-9). Suppose -k = -i - 4. Suppose -2*w - 29 = -5*l + 15, k*l = 5*w + 50. List the prime factors of l.
2
Let q(x) = -2*x + 2. Let o be q(-6). Let m be (o/(-5))/(12/(-30)). What are the prime factors of 2/m - 1460/(-35)?
2, 3, 7
Suppose 22*t - 13*t = 0. Suppose i - 187 = -2*i - 2*m, t = 2*i + m - 126. What are the prime factors of i?
5, 13
Suppose 4*l - 3*l - 74 = 5*q, -4*l - 2*q + 252 = 0. Suppose 1345 = -59*t + l*t. What are the prime factors of t?
269
Suppose -2*f = -f - 1. Let k = 4 - f. Suppose -10 = -n + 5*i + 17, 0 = -3*n + k*i + 81. What are the prime factors of n?
3
Suppose 9*d - 157486 = -40*d. List the prime factors of d.
2, 1607
Let j = -15 + 27. Suppose b + j = 4*b. What are the prime factors of b?
2
Let u(n) = 2*n**2 - 32*n + 20. Let b be u(16). Let a(g) = -g + 62. List the prime factors of a(b).
2, 3, 7
Suppose 3*b - 97 = -0*b + 5*k, -3*b + 91 = -2*k. Suppose 0 = 5*c - b - 11. Suppose -5*d + c*d - 105 = 0. What are the prime factors of d?
5, 7
Suppose 5*b - 2*b + 7*b = 0. Let t(y) = 20 - 2*y - y + 2*y. List the prime factors of t(b).
2, 5
Suppose -6 = -5*v + 3*v. Suppose 5*b + v = n, 2*b = 5*n + 9 - 1. What are the prime factors of (-5)/(-1)*(-3)/b?
3, 5
Suppose -6*j - 6 = -8*j. Suppose 0 = 2*p + 4*y - 46, 5*p + j*y - 127 = -y. Suppose 4*w + 4*t - 152 = 0, -3*t + p = -2*w + 128. List the prime factors of w.
43
Let p(h) = -2*h + 4. Let v be p(-14). Suppose 2*y = -5*l - y + 11, 4*l = -3*y + 7. Suppose -l - v = -2*b. List the prime factors of b.
2, 3
Let z be (-139 + 1 + -1)*2. Let u = z - -406. Suppose 3*t - u + 20 = 0. List the prime factors of t.
2, 3
Let g be 24/(-9)*(-3)/4. Let c(l) = -5 + 3*l**2 + l**3 + l - 3*l**2 + 5*l**g. What are the prime factors of c(-3)?
2, 5
Suppose 6*t = 4*t + 86. Let c = t - 22. What are the prime factors of c?
3, 7
Suppose 0*q + 2*q - 426 = -4*r, -4*r - 4 = 0. List the prime factors of q.
5, 43
Let o = 472 - -960. List the prime factors of o.
2, 179
Let i be (8/(-10))/((-2)/135). Let b be 6 + 18/(-3) + 18 + 6. Suppose -b - i = -3*d. What are the prime factors of d?
2, 13
Let i(q) be the second derivative of q**4/12 + q**3/6 + 3*q**2/2 + q. Let n be i(-3). Let o(u) = u**2 - 6*u - 6. List the prime factors of o(n).
3, 7
Let f(l) = 31*l**2 - 11*l + 11. What are the prime factors of f(3)?
257
Suppose 0*o + 2*p - 5 = -o, o + 4*p = 13. Let t(i) = 3*i. Let k(c) = 7*c + 1. Let u(j) = o*k(j) + 6*t(j). List the prime factors of u(-3).
2, 3
Suppose -5*t - c + 22280 = 4*c, 0 = -3*t + 4*c + 13389. List the prime factors of (-2)/(-16) - t/(-104).
43
Suppose 1 = 7*t - 4073. List the prime factors of t.
2, 3, 97
Let j = 3268 + -1707. List the prime factors of j.
7, 223
Let m(g) = -172*g**3 + 4*g**2 - g - 7. List the prime factors of m(-2).
19, 73
Let q(l) = l**2 - l. Let w be q(0). Suppose -4*v + w = -5*a + 67, -3*v = 9. Suppose -21 - a = -4*h. What are the prime factors of h?
2
What are the prime factors of 7855/(-18)*-2 - 572/(-2574)?
3, 97
Suppose -134 + 20 = -2*p. Suppose -64 = 4*n + 80. Let a = p + n. List the prime factors of a.
3, 7
Let d = -191 + 298. List the prime factors of d.
107
Let r = -10 - -10. Suppose 0 = -4*q - 6*w + 3*w - 88, r = -2*w. Let i = q - -38. What are the prime factors of i?
2
Suppose 0 = -r + h + 37 - 11, -5*r + 2*h + 133 = 0. Let o = -8 + r. List the prime factors of o.
19
Let c = -201 - -743. List the prime factors of c.
2, 271
List the prime factors of (-15)/9*8*192/(-10).
2
Let r = 3157 + -2115. What are the prime factors of r?
2, 521
Let z(p) = 5*p**2 + 3*p - 1. Let d be z(2). Suppose 2*l - a - d = 29, -4*l - 4*a = -96. List the prime factors of l.
2, 13
Let t = 8 + -7. Suppose -2*m = -m + t. Let n(l) = -32*l**3 - l**2 + 1. What are the prime factors of n(m)?
2
Let g = 116 - 54. Let d be ((-407)/(-44))/(-1 - (-3)/4). Let j = d + g. What are the prime factors of j?
5
Let g(h) = -4*h + 1. Let i(f) = f - 1. Let t(j) = -g(j) - 3*i(j). Let b be t(-6). Let l(x) = 2*x**2 - 2*x - 7. What are the prime factors of l(b)?
3, 11
Let v = -20 - -30. Suppose -2*j + 36 = 4*m + m, -5*m = -v. Suppose -k - j = 5*p, 2*k + 37 = 3*k - 5*p. List the prime factors of k.
2, 3
List the prime factors of (-2)/2*(-575 + 6).
569
Let v be 18/(-5)*(-4 + (-66)/(-9)). Let x = 33 - v. List the prime factors of x.
3, 5
Let r(x) = 56*x - 2. Let l be r(1). Suppose -2*s + 4*s = l. List the prime factors of s.
3
Suppose -2*s = -3*q + 21, 0*s + s = 4*q - 23. Let z(r) = -3*r + 49. Let n be z(5). Let k = n + s. What are the prime factors of k?
31
Let w(m) = -6*m - 7. Let k be w(-5). Suppose -5*n = -o - k, -3*o + 5*n - 15 = 2*o. Suppose o*a - 25 - 29 = 0. What are the prime factors of a?
3
Suppose 4612 = 8*s + 956. What are the prime factors of s?
457
Suppose -3 = -2*j + 5*j - 3*t, -2*j - 4 = -3*t. Suppose 40 = m + j. What are the prime factors of m?
3, 13
Let v(n) = n + 1. Let d be v(1). Suppose -d*m + 6*m - 8 = 0. List the prime factors of 5*(m + -3 - -4).
3, 5
Suppose -42*c = -35*c - 27349. What are the prime factors of c?
3907
What are the prime factors of -559*2/2*(1 + -2)?
13, 43
Let d(a) = -10*a + 1. Let k(l) = -9*l. Let m(t) = -7*d(t) + 6*k(t). Let s be m(12). Suppose -s = -7*c + 2*c. What are the prime factors of c?
37
Suppose -5*w = 73 - 788. List the prime factors of w.
11, 13
Let o(i) = -94*i + 10. Let r(w) = w - 2. Let d be r(-4). Let c be o(d). What are the prime factors of 2/(-15) + c/30?
19
Suppose -10506 - 6034 = -4*u. Let h be 4/(-24) + u/(-30). What are the prime factors of 1/(-6) + (-2645)/h?
19
What are the prime factors of (((-105)/14)/(-15))/((-2)/(-5276))?
1319
Let j = 7 - 2. Suppose 0*r = -s + 3*r + 29, -132 = -j*s + 2*r. What are the prime factors of 852/39 + 4/s?
2, 11
What are the prime factors of (-6134)/(-12) - (-3)/(-18)?
7, 73
What are the prime factors of 1138/(-6)*(-1 - 8/4)?
569
Let o(g) be the third derivative of 29*g**5/60 + g**3/3 + 31*g**2. What are the prime factors of o(-3)?
263
Let m(v) = -v**3 - 7*v**2 - 13*v + 1. Let i be m(-9). Let r = i + -194. List the prime factors of r.
2, 43
Let s = 1259 + -390. List the prime factors of s.
11, 79
Let w(f) be the second derivative of f**4/6 - f**3/3 + 17*f**2 + 6*f. List the prime factors of w(0).
2, 17
List the pri